41
In base 14, what is dda34 + 21?
dda55
In base 9, what is 7347573 + -2?
7347571
In base 8, what is 6 - -470363213?
470363221
In base 2, what is -11 + -110110000011110000111?
-110110000011110001010
In base 15, what is -6 + 2b142bd?
2b142b7
In base 9, what is -108500 - -1167?
-107322
In base 3, what is 1020 - 1022110222210?
-1022110221120
In base 15, what is -b0a - -b569?
a95e
In base 14, what is 226167 + -52?
226115
In base 9, what is -26300 - -2156?
-24133
In base 5, what is -111243101 + -1012?
-111244113
In base 14, what is -844a1 + -11c?
-845bd
In base 2, what is 100 - -10101000101111100010101001?
10101000101111100010101101
In base 6, what is 122300 + 311252?
433552
In base 16, what is -34 + -18a5e?
-18a92
In base 11, what is 8a9 + -7990?
-7092
In base 12, what is -3 - -27b4622?
27b461b
In base 6, what is 23 + -145145420?
-145145353
In base 2, what is -1010000101 + -11101010000100?
-11110100001001
In base 10, what is 447326 - -53?
447379
In base 3, what is -2201202 + -11220201?
-21122110
In base 3, what is -12 + -21102112101?
-21102112120
In base 8, what is 214 - -71217?
71433
In base 11, what is a60464 + 97?
a60550
In base 10, what is -402225 - 1?
-402226
In base 9, what is -60 + -273336?
-273406
In base 7, what is -56265 + 1232?
-55033
In base 10, what is 88 + -577833?
-577745
In base 8, what is -342464413 + -16?
-342464431
In base 16, what is -4e - -490d?
48bf
In base 9, what is -41 - 3405530?
-3405571
In base 9, what is 64233304 - -15?
64233320
In base 7, what is -12 + -31330533?
-31330545
In base 3, what is -2112121120212202 + -102?
-2112121120220011
In base 6, what is -1002150 - 121?
-1002311
In base 3, what is 2 - 2221021012?
-2221021010
In base 4, what is -11 - 1312132033101?
-1312132033112
In base 6, what is -2020434323 + 14?
-2020434305
In base 11, what is -6667573 - 2?
-6667575
In base 6, what is -404 + -250301?
-251105
In base 7, what is -14163 + -113465?
-130661
In base 11, what is -23 + -2958529?
-2958551
In base 6, what is 10432150152 - 5?
10432150143
In base 12, what is -53966 - -139?
-53829
In base 13, what is -3839298 + -4?
-383929c
In base 14, what is -7627 + -181?
-77a8
In base 5, what is 34040413 + -10132?
34030231
In base 8, what is -2147415 - -5?
-2147410
In base 11, what is 3 + -8286843?
-8286840
In base 16, what is 0 - 19e6a6?
-19e6a6
In base 8, what is -10065 - 141210?
-151275
In base 3, what is 1012021 - 1200200?
-111102
In base 16, what is -664 - -168a?
1026
In base 4, what is -3 + -210130310111?
-210130310120
In base 13, what is -5 + -7caa453?
-7caa458
In base 13, what is cb40 - -4b24?
14964
In base 7, what is -4451 - -201040?
163256
In base 9, what is -22 + -8471536?
-8471558
In base 6, what is -3 + 310052442?
310052435
In base 6, what is 3502 + -23?
3435
In base 11, what is 42 + -22497a2?
-2249760
In base 6, what is 142 - -130233311?
130233453
In base 4, what is -1 - -2111031233?
2111031232
In base 14, what is 162b + -1c78?
-64b
In base 11, what is -6859 - -286?
-6583
In base 9, what is 0 + -1068447?
-1068447
In base 13, what is 4c79 - -3b4?
5360
In base 13, what is 1 - 166ab98c?
-166ab98b
In base 8, what is 17 + 4125171?
4125210
In base 16, what is -d - -8af11?
8af04
In base 8, what is -15610 + -7265?
-25075
In base 12, what is 1 - 8bbb77?
-8bbb76
In base 11, what is -2 - -570313?
570311
In base 14, what is 577 + -72329?
-71b92
In base 14, what is 4 + 6806740?
6806744
In base 12, what is 113 - -418794?
4188a7
In base 7, what is 111032004 + -30?
111031644
In base 9, what is 222374 + 333?
222717
In base 5, what is 4 - 30013341204?
-30013341200
In base 4, what is -2100301 + 11023012?
2322111
In base 12, what is a877447 + 2?
a877449
In base 13, what is -53872b2c + -2?
-53872b31
In base 4, what is -13222323032121 + -1?
-13222323032122
In base 2, what is -10000011111111100 + -111101110?
-10000100111101010
In base 6, what is -3 + 44422312041?
44422312034
In base 5, what is 403 + -132220302?
-132214344
In base 16, what is 3801e + -263?
37dbb
In base 14, what is 560ac573 + 0?
560ac573
In base 9, what is 3 + 117823276?
117823280
In base 6, what is -114 - 2452104?
-2452222
In base 16, what is -7e686 + 10?
-7e676
In base 16, what is 23 + -1273d?
-1271a
In base 5, what is 34 + 4010041?
4010130
In base 9, what is -587 + -1133823?
-1134521
In base 15, what is ee7e732 - 0?
ee7e732
In base 9, what is -11 + -47123?
-47134
In base 6, what is -20 - 123145?
-123205
In base 2, what is 1010000111011 - 11111011000?
110001100011
In base 7, what is -6226 - 253511?
-263040
In base 6, what is -13523303103 + 5?
-13523303054
In base 7, what is 16645 - 5314?
11331
In base 9, what is 23854 + -18142?
4712
In base 7, what is 443153 + 12?
443165
In base 13, what is 578c2 - -196?
57a88
In base 9, what is -1 - 7580762?
-7580763
In base 10, what is -45 + -615336?
-615381
In base 14, what is -110 + -da640?
-da750
In base 13, what is -5004b91 + -6?
-5004b97
In base 4, what is -11130022 - -11021?
-11113001
In base 10, what is -45217312 - 1?
-45217313
In base 14, what is -1ad - 2045?
-2214
In base 12, what is 17 - -65999?
659b4
In base 8, what is -1005307 + 10?
-1005277
In base 14, what is 375dc + -65?
37577
In base 16, what is -25f6dc + -1?
-25f6dd
In base 12, what is 922 + -4bab?
-4289
In base 12, what is -3a1 - -1460b?
1422a
In base 4, what is 121112100 - -21333?
121200033
In base 8, what is 736542 - -62?
736624
In base 12, what is -5241 + 7574?
2333
In base 15, what is 295e + 1a76?
44d5
In base 6, what is 333 + 5343441?
5344214
In base 9, what is 52 + -56226?
-56164
In base 5, what is -3 - -2232340143?
2232340140
In base 12, what is 2 - a644589?
-a644587
In base 7, what is -3156 - -1042245?
1036056
In base 9, what is 58 + 518804?
518863
In base 11, what is -3 - -83356494?
83356491
In base 13, what is -61 - -12559?
124c8
In base 14, what is 3 - -67946b?
679470
In base 11, what is -6 - -316336a?
3163364
In base 6, what is -2544025403 + 21?
-2544025342
In base 12, what is 3 - 1095321?
-109531a
In base 7, what is -6 - 16651452?
-16651461
In base 11, what is 1134 - 5951?
-4818
In base 10, what is -81 + -3734160?
-3734241
In base 9, what is 237 - -1634718?
1635056
In base 2, what is 101101001 + -1010101111111101?
-1010101010010100
In base 5, what is -1140 - 1003114?
-1004304
In base 11, what is -654522 + -13?
-654535
In base 3, what is -1001012200001012 + -10?
-1001012200001022
In base 8, what is 1125131 + 4626?
1131757
In base 15, what is 2e + -1787b?
-1784c
In base 14, what is -3c + -1a7a8?
-1a806
In base 12, what is -70a01 + 33?
-7098a
In base 6, what is -1 + 31200320?
31200315
In base 10, what is 41930686 - -2?
41930688
In base 3, what is 10 - -11111012112012100?
11111012112012110
In base 4, what is 22 - 13130310212?
-13130310130
In base 6, what is -100035550 - 14?
-100040004
In base 2, what is 110110011 - -100001110110?
101000101001
In base 14, what is 354d4 - -7?
354db
In base 11, what is -5358 + 32227?
2797a
In base 14, what is -100 - 14c73b?
-14c83b
In base 12, what is 4 - -206636a2?
206636a6
In base 14, what is 6 + -9924ad3?
-9924acb
In base 13, what is -59 + -1488a0?
-148929
In base 13, what is 234 + 139a?
1601
In base 4, what is 231031 - -230213?
1121310
In base 12, what is ab7b + 7?
ab86
In base 8, what is -2656043 - -107?
-2655734
In base 6, what is 150141435 - 20?
150141415
In base 16, what is -3 - 27e494?
-27e497
In base 3, what is 20212111010211212 - 21?
20212111010211121
In base 2, what is 110001101000011110 - -11111100000?
110010000111111110
In base 11, what is 507903 + 31?
507934
In base 2, what is -1101010 + 1011101001000010?
1011100111011000
In base 12, what is 489a348 + b?
489a357
In base 7, what is -46002 + 31512?
-14160
In base 5, what is 24204 + 221143?
300402
In base 6, what is 224 - -31555041?
31555305
In base 12, what is -9090 - -170?
-8b20
In base 5, what is 3001311034 - -4?
3001311043
In base 14, what is 56882c30 + 4?
56882c34
In base 6, what is -5532 + -115031?
-125003
In base 15, what is 1 + d1e060a?
d1e060b
In base 9, what is 121581 - -43?
121634
In base 6, what is 3343 + 123253?
131040
In base 9, what is -218164 - -2206?
-215857
In base 11, what is -a7428064 - 1?
-a7428065
In base 12, what is 62131 - -3b3?
62524
In base 4, what is -3013233210020 + 0?
-3013233210020
In base 2, what is 0 + 10011001111101100111?
100